 -8*x + 4*j + 20 = -4*x. Suppose 0 = -2*o - r*o + x*p + 83, 2*p = -2*o + 38. What is the units digit of o?
0
Let j(o) = 31*o + 3. Let x be j(4). Suppose q + 2*c - 5*c = -55, 2*c - 223 = 5*q. Let y = x + q. What is the tens digit of y?
8
Suppose -c - 100 = -5*c. Suppose -2 = 24*p - c*p. Suppose -2*o - 3*a + 111 = 0, p*o + 4*a - 99 = 7. What is the units digit of o?
3
Suppose 0 = -3*v - 15, 9*v - 4*v = t - 24. What is the hundreds digit of -4 + t + (322 - 6)?
3
Let w be 690/1 + (0 - 5). Suppose -w = 9*f + 1061. Let t = 301 + f. What is the tens digit of t?
0
Let o be 5 + 1 + (-23 - -23). Suppose -8*r - 2316 = -5*i - o*r, 4*i - 1842 = -2*r. What is the tens digit of i?
6
Let l(u) = -u**3 + 15*u**2 - u + 18. Suppose 45 = -2*k + 5*k. Let h be l(k). What is the hundreds digit of ((-250)/6)/((-1)/h)?
1
Let b = 38321 + -19588. What is the tens digit of b?
3
Suppose -q + 31954 = 4*o, 15*o + 4*q = 12*o + 23946. What is the units digit of o?
0
Let j = 76108 + -43017. What is the tens digit of j?
9
Let m(g) = g**3 + g**2 + 17. Let z be m(0). Suppose 14198 + 6644 = z*l. What is the hundreds digit of l?
2
Let q(l) = 294*l**3 + 52*l - 214. What is the units digit of q(5)?
6
Let u(v) = 1538*v**2 + 3*v + 19. What is the hundreds digit of u(-3)?
8
Let y(v) = 419*v**2 + v + 27 - 2*v - 2*v + 78*v**2 - 13*v. What is the thousands digit of y(2)?
1
Let h = -30 - -26. Let r be 1 - h/(-2 - -4). Suppose b + 2 = 0, -2*s + r*b + 117 + 65 = 0. What is the tens digit of s?
8
Suppose 0 = 2*s + 4*c + 2, 5 - 3 = -2*s + c. What is the hundreds digit of (s + -5 - 2*-2) + 798?
7
Suppose -2*d = -5*d + 3. Let q = 382 + -233. Let u = d + q. What is the units digit of u?
0
Let n(l) = l**2 + 38*l. Let a be n(-38). Suppose -3*v - 9*h = -6*h - 2514, -3*v + 4*h + 2514 = a. What is the units digit of v?
8
Let s(y) = 5*y + 0*y**3 - 2*y - 22 + 15*y + 32*y - 14*y**2 + y**3. What is the tens digit of s(14)?
7
Let n = -42874 - -64927. What is the hundreds digit of n?
0
Let f = 1178 - 782. Suppose 19*z = -2*n + 14*z + f, 3*z - 200 = -n. What is the tens digit of n?
8
Let g = -20 + 23. Suppose -3*k = 2*w - 74, 79 = g*k + w - 0*w. What is the tens digit of ((-300)/k + 3)/(2/(-28))?
0
Let g be (-170)/(-3) + (-2)/(-6). Let d be (-2 + -23)/(116/116). Let l = d + g. What is the units digit of l?
2
Let m = -9256 + 13764. What is the thousands digit of m?
4
Let a(j) be the first derivative of -53*j**4/6 - j**3/3 - 7*j**2/2 - 30. Let n(v) be the second derivative of a(v). What is the tens digit of n(-1)?
1
Let a(u) = 18 + 24 - 31 + 4*u. Let i be a(0). What is the tens digit of (i/(-1))/(20/(-100))?
5
Suppose -6 + 2 = 2*r, -64 = -5*m + 2*r. Let y(t) = -31*t + 11. Let l(i) = -38*i + 12. Let s(c) = -5*l(c) + 6*y(c). What is the tens digit of s(m)?
5
What is the hundreds digit of (-547*(-5)/20)/((-12)/(-2592))?
5
What is the units digit of ((-689)/(-2))/(18 - 1284/72)?
7
Let k = -27097 - -52090. What is the units digit of k?
3
Let i(v) = -v**3 + 27*v**2 - 72*v + 1. Let c be i(24). What is the units digit of c - 5 - (-9240)/8?
1
What is the units digit of (-2*(-2)/(-6))/((-566)/32624523)?
7
Suppose -126*v - 45*v + 15203424 = 87*v. What is the ten thousands digit of v?
5
Let r(i) = -i**2 + 32*i - 68. Let d be r(10). Let l = d + -35. What is the units digit of l?
7
Let m = 78 - 38. Let i be 9/(-6)*(m/(-6))/2. Suppose h - i*b = -h + 346, 4*b = -8. What is the tens digit of h?
6
Let m = -61 - -113. Let d = -47 + m. Let c = d - 1. What is the units digit of c?
4
Let z(s) = -179*s + 1. Suppose -133 = -6*g - 175. What is the thousands digit of z(g)?
1
Let u be (2 - 0)/((-2)/(-4)). Suppose -i = 0, 4*i + 156 = -u*d + 1028. Suppose 0 = 7*v - d - 111. What is the tens digit of v?
4
Suppose 130198 + 79634 = 15*b + 27*b. What is the hundreds digit of b?
9
Suppose -594*j + 653*j - 1069670 = 0. What is the ten thousands digit of j?
1
Suppose -11*d - 39316 = -12*d - 4*b, -3*d - 3*b + 117903 = 0. What is the ten thousands digit of d?
3
Suppose 11*x - 35765 = -3*c + 9*x, -4*c + 2*x + 47682 = 0. What is the thousands digit of c?
1
Let m = 50069 - 33073. What is the tens digit of m?
9
Suppose 20*y - 6*y + 9484266 = 201*y. What is the thousands digit of y?
0
Suppose 3*j = 11*i - 7*i + 137, 2*i = -5*j - 101. Let s = 100 + -207. What is the tens digit of (-19)/i + s/(-2)?
5
Suppose -4*j + 798 = -11*j. What is the tens digit of ((-241)/(-4) - 1)/(j/(-1216))?
3
What is the units digit of (-6 - (-42)/9)/((-2)/24573)?
2
Suppose 0 = 2*q + 4*c - 7*c + 109, 5*q = 5*c - 260. Let i = q + 154. What is the hundreds digit of i?
1
Let o be -2 - (5 + -10) - 4/2. Let t be o + 14/(-7) - 1*125. What is the units digit of 2/(-9) + (-11998)/t?
5
Let m be 68/136*(1 - 1) + 62. Suppose 3*d + 108 = 4*r - 8, -119 = 3*d - r. Let v = m - d. What is the tens digit of v?
0
Let v(k) = 2. Let d(m) = -58*m**2 + 4*m - 5. Let w(g) = -d(g) + v(g). What is the units digit of w(2)?
1
Let h = 376 - 378. Let f(r) be the first derivative of -9*r**4/4 - 4*r**3/3 - r**2/2 + 3*r - 2. What is the units digit of f(h)?
1
Let l(n) be the first derivative of n**4/4 - 2*n**3 + n**2 - 47*n - 70. What is the units digit of l(8)?
7
Let o(h) = 4*h**2 + 75*h - 231. What is the tens digit of o(71)?
5
Let i(p) = -12*p - 23. Let o be i(-13). Suppose 3*v + 3*m - 4*m = -30, 5*m - 6 = -v. Let k = v + o. What is the units digit of k?
4
Let v = 67 - 68. What is the units digit of (v - -50) + 0 + (-3 - -3)?
9
What is the thousands digit of (98/35*206)/(20/50)?
1
What is the thousands digit of 93249/12 + 27/108?
7
Suppose -6 - 14 = -5*p. What is the tens digit of (5 + -5 + 507)/(6/p)?
3
Suppose 3*n - 16809 = -4*a - 340, -3*a = -4*n - 12358. What is the hundreds digit of a?
1
Let x = 173 - 171. Suppose -3*u = -15, 2*u + 2231 + 1693 = x*l. What is the tens digit of l?
6
Let h(d) be the second derivative of -4*d**3 + 85*d**2/2 - 7*d. What is the tens digit of h(-13)?
9
Suppose -2*m + 130 = 3*m. Suppose -27*g = -m*g. Suppose 3*o + 0*o + 2*z = 93, g = z. What is the units digit of o?
1
Let h(q) = -2*q**3 - 103*q**2 + 4*q + 226. What is the thousands digit of h(-52)?
2
Suppose 3*d = n - 4802, -39*d + 42*d = -5*n + 24082. What is the thousands digit of n?
4
Let n = 1 - -62. Let q(f) = n*f + 2*f - 5 - 2*f. What is the hundreds digit of q(3)?
1
Suppose 52*c - 50*c - 658 = 0. What is the hundreds digit of (c - (-4)/(-1)) + (3 - 4)?
3
Let v(f) = f + 13. Let k(l) = -8*l**2 + 305*l**3 - 8*l - l**2 - 306*l**3. Let r be k(-8). What is the tens digit of v(r)?
1
What is the units digit of (19 + 0)*(173 - 165)?
2
Let h be -16*(-4)/16 + (-3 - 1). Suppose -179*l + 183*l - 3044 = h. What is the units digit of l?
1
Let x(c) = -15*c - 19. Let t(o) = -2*o**3 - 4*o**2 - o + 8. Let n be t(2). What is the hundreds digit of x(n)?
3
Let v = 58290 - 22218. What is the units digit of v?
2
Suppose -57450 = -5*a - 3*w, 11344 = 5*a + w - 46096. What is the hundreds digit of a?
4
Suppose 0*a - 2*a = 2*s - 74, 2*s = 2. Let x = a - 26. Suppose -108 = 8*z - x*z. What is the units digit of z?
4
Let f(u) be the first derivative of -7*u**2 - 13*u + 237. Suppose 4*r + 12 = 3*k - 4*k, -2*k + 4*r = 0. What is the units digit of f(k)?
3
Suppose -4*b = -12*b + 40. Suppose -4*h + 3*z + 0*z - 19 = 0, -5*z + b = 0. What is the tens digit of ((12/(-9))/h)/(3/468)?
5
Let d = -26169 + 36894. What is the units digit of d?
5
Suppose 2*n = d + 210, -4*d - 3*n = -7*d - 618. Let s = -548 - -858. Let m = d + s. What is the tens digit of m?
0
Let z be -3 + 8/(-2) + -36941. What is the hundreds digit of -3*((-4)/10 - z/(-180))?
6
Suppose -583*v = -698*v + 4686940. What is the hundreds digit of v?
7
Let f = 79 - 159. Let u = 320 + -100. Let n = u + f. What is the tens digit of n?
4
Let r be -2 + 3/(0 + -3). Let w be 26*r/6 - (2 + -3). Let z = w + 17. What is the units digit of z?
5
Suppose 103*r - 633600 = 51*r + 32*r. What is the ten thousands digit of r?
3
Suppose -656368 + 94456 = -52*r. What is the ten thousands digit of r?
1
Suppose -512*k + 523*k = 44. Suppose -4*c + 2*s = -1386, k*c = -s + 1727 - 356. What is the units digit of c?
4
Let h(g) = -1458*g + 329. What is the units digit of h(-3)?
3
Suppose -a - 5*o = -12433, -20837 = -3*a - 5*o + 16422. What is the thousands digit of a?
2
Let f(y) be the third derivative of -y**5/60 - 7*y**4/24